-4*o, -5*f + 25*o = 24*o - 595. What is the greatest common factor of f and 150?
30
Let t be (92/138)/(3/19206 + 0). What is the highest common factor of 44 and t?
44
Suppose 77*a - 3319 = 8*a + 200. What is the greatest common divisor of 1768 and a?
17
Let p(h) be the second derivative of 23*h**3/6 + 71*h**2 - 105*h. Let g be p(-5). Calculate the highest common divisor of g and 135.
27
Let a be 185 - -4*20/(-10) - -3. Calculate the highest common divisor of a and 990.
90
Suppose -33*h - 42*h + 55*h + 1120 = 0. Calculate the greatest common divisor of 4424 and h.
56
Let q = -9 - -19. Suppose 190 - 1395 - 965 = -7*r. Calculate the highest common factor of r and q.
10
Suppose 4*n = 7*n + 3*x + 165, 0 = 2*n + 3*x + 108. Let d = 117 + n. Suppose -12*q = -d - 12. Calculate the greatest common factor of 54 and q.
6
Suppose i = -r + 990, 127 = 3*r + 115. What is the highest common factor of 85 and i?
17
Suppose -14*a + 3*u = -12*a + 1379, -4*u = 3*a + 2043. Let t = a - -817. Calculate the highest common divisor of 330 and t.
66
Let h(l) be the first derivative of l**4/4 - 8*l**3/3 + 7*l**2/2 + 2*l + 119. Let i be h(7). Calculate the highest common divisor of 50 and i.
2
Let w = 19331 - 19268. Let s be (-167)/(-4) - (-1)/4. Calculate the greatest common divisor of s and w.
21
Let v be 10/((-3)/24*-1). Suppose 8*f = 6*f + 124. Suppose f = -7*u + 132. Calculate the greatest common factor of v and u.
10
Let l(c) = 71*c + 687. Let m be l(-5). Calculate the highest common factor of 20 and m.
4
Suppose 6*w = 7*z - 9*z + 72, 0 = w. Calculate the greatest common factor of 3636 and z.
36
Let t = 15756 - 8396. Calculate the highest common factor of 115 and t.
115
Suppose 6572 - 7636 = -2*z. Calculate the highest common divisor of 112 and z.
28
Let k(g) = 2*g**3 + g**2 - 5. Let m be k(2). Suppose m = 4*d - 5. Suppose 5*u = -l + 74, -2*u - d*l = -39 - 9. Calculate the highest common divisor of 35 and u.
7
Let l be (-2)/3 - 22/(-6). Let k = -322 + 327. Suppose -l*b + k*b = 14. What is the highest common divisor of b and 21?
7
Suppose 7*h - 12*h + 30 = 0. Suppose -46*y - h = -48*y. Suppose y*x = 527 - 119. Calculate the greatest common divisor of x and 17.
17
Let k be (52/9)/(31/(13392/32)). What is the greatest common factor of 18 and k?
6
Suppose -v + 8*v - 42 = 0. Let l be (-96 + -22)*(-3)/v. Calculate the greatest common factor of l and 767.
59
Let q be (-1 - (1 + -4))/((-2)/(-54)). What is the greatest common divisor of q and 786?
6
Let q be 3*(133/21 + -7) + 6. Suppose 0 = n - 4*j - 48, 2*n - j + 43 = 3*n. Calculate the highest common factor of n and q.
4
Suppose 64 = d + 4*b, -582*b + 580*b - 202 = -19*d. Let s = 167 - 87. What is the greatest common factor of s and d?
4
Suppose 0 = 189*g - 172*g - 765. Calculate the greatest common divisor of g and 171.
9
Let g be (-4619392)/(-4530) - 8/(-30). What is the highest common divisor of 240 and g?
60
Let p be 121 + 9 + (1 - -2)*-7. What is the greatest common factor of p and 3?
1
Let r be ((-105)/10)/21*(1 - 1). Suppose r = 5*c + 4*p - 222, -2*c - 3*p + 48 = -45. What is the greatest common factor of 14 and c?
14
Let x be (-14)/(-2)*30/(-7) - 2. Let r = 45 + x. Suppose -5*w + 7 + r = 0. Calculate the highest common divisor of 6 and w.
2
Suppose 0 = -40*t + 414676 - 7036. Calculate the highest common divisor of 711 and t.
237
Let p be (-16)/(-12) - -2*(-717)/(-18). What is the highest common divisor of 1926 and p?
9
Let y(d) = 10*d + 78. Let i be y(-6). Suppose 0 = -6*r + 2*r - 4, -4*g + 175 = -3*r. Let f be g + (0 - 8/(-4)). Calculate the greatest common factor of f and i.
9
Let d be (-7 - -1)/((-3)/15). Let g be (1400/d)/((-4)/(-6)). Calculate the highest common divisor of 385 and g.
35
Suppose 0 = -141*s - 1853 + 8057. What is the greatest common factor of s and 76?
4
Let y be -1 - (-234 + -3 + 3 + 2). Suppose 532*h = 539*h - y. Calculate the greatest common factor of h and 33.
33
Let h be 634/14 + 2 + 8/(-28). Let r = 45 - h. Let y be 39 + 2 - (2 - r). Calculate the highest common factor of 111 and y.
37
Suppose -2*h - 1469*c + 1464*c + 2750 = 0, c = 5*h - 6929. What is the greatest common factor of h and 15?
5
Let f be ((-60)/4830*-23)/(2/28)*8. Let p = -12 + 36. What is the greatest common divisor of p and f?
8
Suppose -327*r = -323*r - 1612 + 248. Let w = 82 - 51. Calculate the greatest common factor of w and r.
31
Let a = 208 - 246. Let s = a + 236. What is the highest common divisor of s and 66?
66
Suppose -600*j = -582*j - 12870. Calculate the highest common factor of j and 99.
11
Suppose -a - 2*m = 1, -a - m = 12 - 10. Let o(i) = -11*i + 110. Let z be o(a). Calculate the highest common divisor of 52 and z.
13
Suppose -3*q = -0*q + 462. Let r = q + 434. Let o = -154 + r. What is the greatest common divisor of o and 14?
14
Suppose 3*h - 3*t = 219, -t = -3*h - 65 + 278. What is the greatest common factor of 854 and h?
14
Suppose 62 = 5*f + 17. Suppose -255 = 6*g - f*g. Calculate the highest common factor of g and 5.
5
Let s(y) = 16*y**3 - 5*y**2 - 97*y - 5. Let i be s(4). Calculate the greatest common factor of i and 1160.
29
Suppose -2*k - 49 = -x, 0 = -x + 5*k + 23 + 11. Let n = 337 + -160. Calculate the greatest common divisor of x and n.
59
Suppose -425*i - 21644 + 193400 = -58*i. What is the highest common divisor of i and 325?
13
Let f(w) = -w**3 - 3*w**2 + 8*w + 11. Let c be f(-4). Let i(l) = l**3 + 2*l**2 - 19*l - 12. Let o be i(c). What is the greatest common factor of o and 92?
4
Let p(f) = -8*f - 72. Let w be p(-9). Suppose 4*x + 2*x + 72 = w. Let b be (-6)/x + (-59)/(-2). Calculate the highest common divisor of b and 180.
30
Let x be (-4)/(-3) - (-6)/((-90)/(-25)). Suppose n = x*k + 34, -4*k + 149 = 3*n + 8. Suppose 6*d + n = 259. Calculate the highest common divisor of d and 12.
12
Suppose 8*m = -4*c + 12*m + 9304, 2*c = -4*m + 4688. Calculate the greatest common factor of 4 and c.
4
Let q = 479 - 454. Let c(s) = s**3 - 6*s**2 - s + 6. Let r be c(5). Let l = 29 + r. What is the highest common factor of l and q?
5
Let x(i) = -i**3 - 2*i**2 + 12*i - 6. Let g be x(3). Let t be (g/12)/((-1)/44). What is the highest common divisor of t and 5?
5
Suppose 128 + 352 = 2*c - 210. Calculate the highest common divisor of c and 575.
115
Let n(d) = 0*d + 1 + 9*d - 7*d - 7. Let w be n(6). Let t be ((-26)/195 - (-7032)/90)/1. What is the greatest common divisor of w and t?
6
Let q = 9673 + -9671. Calculate the highest common factor of 3238 and q.
2
Suppose -5*m + k + 3723 - 1515 = 0, -3*k - 1762 = -4*m. Let a = m + -236. Suppose a = -5*f + 926. Calculate the highest common factor of f and 16.
16
Let k(j) = j**2 + 11*j + 27. Let y be k(-6). Let o = y - -12. Let w be (2 + 4)*6*4/o. What is the greatest common factor of w and 64?
16
Suppose -44*u + 41*u + 4*l = -4206, -4*u - 5*l = -5546. What is the highest common factor of 34 and u?
34
Suppose c = 0, 0 = 3*u - 5*u - 43*c + 35*c + 60. Let q(i) = -15*i. Suppose -3*r - 6 = 18. Let m be q(r). Calculate the greatest common divisor of u and m.
30
Suppose 37*f - 24 = 35*f - 3*o, 4*f - 4*o - 88 = 0. What is the greatest common divisor of 369 and f?
9
Let q = -1484 + 714. Let p = q - -1103. Calculate the greatest common factor of p and 37.
37
Suppose 0 = 4*v - 9 + 1, 5*w - 6*v = 258. Suppose 471 = 4*k - 609. What is the greatest common factor of k and w?
54
Let f(q) = q**2 - 89*q - 2097. Let z be f(-22). Calculate the highest common factor of z and 45.
15
Suppose 2*z + 233 = 3*v, -49*v - 158 = -51*v + 4*z. What is the greatest common divisor of v and 66?
11
Let x(b) = b**3 + 6*b**2 + 4*b + 2. Let d be x(-4). Suppose 23*v - 36104 + 22856 = 0. What is the highest common factor of v and d?
18
Suppose 0 = -968*a + 962*a + 96. Let f(q) = q - 17. Let u be f(11). Let l be 112 - (u/(-3) + -2). What is the highest common divisor of a and l?
16
Let a = 361 + -362. Let t be (-1 - -34 - -2)/(a/(-5)). What is the greatest common divisor of 100 and t?
25
Let l = -247 - -382. Let x = l + -27. Let r be -36*(-4)/(32/6). Calculate the greatest common divisor of x and r.
27
Let s(n) = -91*n - 241. Let o be s(-7). Calculate the highest common divisor of 5016 and o.
132
Let j be 8/10 - 110/(-50). Suppose 0 = -3*x + 4*x - 5*d + 3, 4*x = j*d + 73. Let h = x + -21. Calculate the highest c